 + 2. Let k be b(-4). Let f(m) = -3*m + 0 + 0 + 0 - k. What is f(2)?
-8
Suppose 2*c - 10 = -n - 0*c, -3*n - c + 10 = 0. Let m(t) = n - 3 - 2*t + t. What is m(-4)?
3
Let k(r) be the third derivative of r**6/120 - r**5/30 - r**4/8 + 2*r**3/3 + r**2. Suppose 3*o + o + c - 8 = 0, 4*o - 2*c = 20. Give k(o).
4
Let w(t) = 21*t + 6. Let c(n) = 10*n + 3. Let u(z) = 13*c(z) - 6*w(z). Determine u(-4).
-13
Let o(t) = -4 + 5 + t - 5. What is o(0)?
-4
Let u(h) be the third derivative of -h**4/4 + 5*h**3/6 + 5*h**2. Let k(t) = 2*t + 3*t - 2*t - 2. Let l(j) = -9*k(j) - 4*u(j). What is l(-2)?
4
Let l(b) be the first derivative of 5/3*b**3 + 0*b**2 + 0*b - 3. Determine l(1).
5
Let u = 5 + -2. Let z(w) = w + 1. Let s(h) = 5*h + 5. Let t(f) = 4*s(f) - 22*z(f). Calculate t(u).
-8
Let j(n) be the third derivative of -n**4/24 - 4*n**3/3 - 9*n**2. Give j(-7).
-1
Let k(c) be the third derivative of -c**4/8 - 2*c**3/3 + c**2. Suppose -9 = -4*n - 25. What is k(n)?
8
Let i(p) = 4*p**2 - 15*p**2 - 3*p**2 - p. Determine i(-1).
-13
Let o(c) = c**2 - 2*c + 1. Let d(a) = a**2 + a - 2. Let y be d(-3). Suppose -y = -4*i + 8. What is o(i)?
4
Let s(l) = 11*l**2 - 3*l - 23. Let p(m) = -5*m**2 + m + 11. Let t = -31 + 52. Let h = t - 12. Let q(u) = h*p(u) + 4*s(u). What is q(-5)?
-3
Let y(h) = -h**2 - 3*h + 7. Let n be y(-5). Let f(u) = u**3 + 4*u**2 - 1. What is f(n)?
8
Let h(c) be the second derivative of -c**5/120 + c**4/8 + c**3/6 + c. Let t(g) be the second derivative of h(g). Give t(3).
0
Let g(q) = q**2 + 4*q + 1. Let y(z) = -z**2 + 8*z - 10. Let m be y(7). What is g(m)?
-2
Suppose 5*u = 4*d - 60, 5*d + 2*u - 70 = 7*u. Let m(q) = 3*q**2 + 11*q - q**3 - 3*q**2 + 6 - d*q. Calculate m(0).
6
Let v(m) be the first derivative of m**3/3 + 7*m**2/2 + 3*m + 2. Let i(w) = w - 10. Let a = 9 + -2. Let b be i(a). Give v(b).
-9
Let z(r) = -2*r**2 + r + 1. Let j(c) = -c - 1. Let o be j(-6). Suppose 10 = o*k + t, 2*k - 4 = 4*t + t. What is z(k)?
-5
Let b(q) = 6*q - 4. Let l(j) = -j + 1. Let z(o) = b(o) + 3*l(o). Determine z(2).
5
Let g(k) = k**2 - 10*k - 9. Let y be g(11). Suppose -u = y*c + 5 + 8, -1 = u. Let p(t) = -t**3 - 7*t**2 - 4*t + 7. Calculate p(c).
-5
Let s(b) = -6*b**2 + 11*b - 8. Let n(k) = -4*k**2 + 7*k - 5. Let f(l) = -8*n(l) + 5*s(l). What is f(1)?
1
Suppose 5*f + i = -0*i - 42, 2*f = 2*i - 12. Let h = f + 2. Let j(m) = m + 13. What is j(h)?
7
Let w(m) = -4*m + 7 - 14 + 5*m. Suppose 0 = 4*n - 3*n. What is w(n)?
-7
Let j(a) = -8*a + 68*a**2 - 5*a**3 + 9*a - 68*a**2. Determine j(1).
-4
Let i(v) = 1. Let g(t) = -t - 3. Let n be -5 - -3 - (-1 + 1). Let h(c) = n*i(c) - g(c). What is h(-6)?
-5
Let l(z) = -2 + 10 + 4 + 4 + 2*z. Let x(w) = w + 8. Let n(h) = 2*l(h) - 5*x(h). Determine n(-7).
-1
Let s(v) = -4*v - 4. Let m be 6/(-8)*(3 - -1). What is s(m)?
8
Let r be 33/(-77) - 1/(14/78). Let o(c) = 2*c + 2. Give o(r).
-10
Let f(y) = y**2 + 4*y + 3. Suppose 0 = -4*h + 44 + 48. Suppose 5*x + 4*o + 11 = -h, -2*x - 2*o = 12. Let n be 46/x - 2/5. Determine f(n).
8
Let h be (-3 + 0/2)*-1. Let p(n) = 2*n + 0*n - h*n. What is p(-1)?
1
Let w(j) be the first derivative of j**4/4 + 2*j**3 + 3*j**2/2 - 6*j + 2. Suppose 26 - 6 = -4*b. Give w(b).
4
Let c(u) = 3*u**3 + 2*u**2 + 6*u - 1. Let h(t) = 7*t**3 + 5*t**2 + 13*t - 2. Let f(b) = 9*c(b) - 4*h(b). What is f(-3)?
2
Let q(u) = -u - 3. Let n(x) = -x**3 + 6*x**2 - x + 6. Let f be n(6). Suppose -4 = -f*d - d. Calculate q(d).
-7
Suppose -2*d - 3*d = -25. Let i(h) = -h**2 + 2 + 0*h**2 + d*h**2 + 3*h - 5*h**2. Calculate i(3).
2
Let d(z) = 3*z + 15*z - z**2 - 2 - 24*z. Determine d(-4).
6
Let t(r) = r**2 + r + 1. Let x(o) = 8*o**2 + 6. Let y(l) = 4*t(l) - x(l). Give y(2).
-10
Let o(v) be the first derivative of 1/4*v**4 + 2 - 1/2*v**2 + 4*v + v**3. What is o(-3)?
7
Let m be 12/(-9)*(-3)/2. Suppose -i + 4*i = -m*d + 8, -11 = -3*i - 5*d. Let f(k) = k**2 - i*k**2 - 2 + 4. Determine f(3).
-7
Suppose 7*d + 54 = d. Let v(m) = -m**2 - 7*m + 13. Give v(d).
-5
Let b(g) = g**2 - 4*g - 6. Suppose -5*f = -3*f + 4. Let i be (1 - 1)*1/f. Let a be 2/(-6)*i - -5. Determine b(a).
-1
Let i(d) = d**3 + 2*d**2 + 2*d + 5. Let t(o) = -2*o**3 - o**2 - o - 5. Let j(x) = -3*i(x) - 2*t(x). Determine j(5).
0
Suppose -y + 3*a = 4*a - 13, 5*y + 4*a - 66 = 0. Let t = -32 - -22. Let w = t + y. Let s(j) = j**2 - j. What is s(w)?
12
Suppose -2*j - s + 5*s - 22 = 0, 0 = 4*j + 4*s - 16. Let f(z) = -z**2 - 1. Let u be f(j). Let q(m) = 2*m. Determine q(u).
-4
Let b(p) be the second derivative of 1/12*p**4 + 0 - p**2 + 1/2*p**3 - 2*p. Determine b(-3).
-2
Suppose -3*g = -2*b - 14, -5*g + 23 = -3*b - 0*b. Let y = g + -8. Let o(l) = -l**3 - 3*l**2 + 3*l + 1. Calculate o(y).
5
Suppose 2 = 3*n - 2*n. Let u(q) = q**3 - 3*q**2 + 2*q. Determine u(n).
0
Let u(o) = -10*o - 6. Let g(x) = -5*x - 3. Let r(p) = 7*g(p) - 3*u(p). Give r(-2).
7
Let o be (-8 - (0 - 4)) + 5. Let x(c) = o + 5*c - 15*c + 12*c. Suppose -2*y - 12 = 2*y. Calculate x(y).
-5
Let i = -10 + 10. Let t(u) be the first derivative of u**2/2 - u - 3. Calculate t(i).
-1
Let a(g) = 3*g**3 + g**2 - 1. Let y be -4 + 1 + -1 + 2. Calculate a(y).
-21
Let g(a) be the second derivative of a**5/20 - 7*a**4/12 + a**3 - 3*a**2 - a. Let j be (-21)/(-2)*(-352)/(-616). What is g(j)?
-6
Let s(q) = -q**3 + 5*q**2 + 6*q + 4. Let m = 13 + -7. Give s(m).
4
Let p(c) = 5*c + 7. Let l(o) = 9*o + 13. Let i(y) = 4*l(y) - 7*p(y). Determine i(5).
8
Suppose -7*v = -4*v - 6. Let i(l) = -3*l**2 + 2*l. Calculate i(v).
-8
Suppose 8*q - 2*q - 24 = 0. Let p(d) = 2*d - 5. Determine p(q).
3
Let c(t) be the second derivative of 17*t**3/6 - t**2/2 - 2*t + 18. Give c(1).
16
Let n = 12 + -7. Let l(g) = -n - 7*g + 5 + 3*g. Give l(-1).
4
Let v(p) = -p + 10. Let j(d) = -2*d + 21. Let u(n) = 6*j(n) - 13*v(n). Give u(-3).
-7
Let i(r) = 9*r**3 - 7*r**2 + 6*r - 1. Let b be (3/(-6))/((-1)/14). Let k(f) = 5*f**3 - 4*f**2 + 3*f - 1. Let j(u) = b*k(u) - 4*i(u). Give j(-2).
11
Let w = 9 - 6. Suppose 83 = 5*l - 2*s, l + 2*s + 5 = -w*s. Let u = 9 - l. Let k(d) = d + 5. Determine k(u).
-1
Let a(f) = -3*f - 2. Suppose o - s = 0, 4*s + 24 = 2*o - 6*o. Determine a(o).
7
Suppose 0 = 2*n, -5*p - 4*n + 34 = -11. Let o(c) = 5 + 2*c + 5 - p. What is o(2)?
5
Let d be (12/(-3))/(1 - -1). Let g(a) = 3*a**2 + 3*a + 1. Let t(y) = 4*y**2 + 3*y. Let l(z) = 3*g(z) - 2*t(z). Calculate l(d).
1
Let c(s) = -s**2 + 8*s - 5. Let w be (-12)/(-21) + 248/56. What is c(w)?
10
Let y(p) = -5 + p**2 + 3*p - 4*p - 4*p + 0*p. Let z be y(6). Let f(l) be the second derivative of 11*l**5/20 - l**2/2 - l. Give f(z).
10
Let f(h) be the second derivative of h**5/20 + 2*h**4/3 + 7*h**3/6 - 5*h. Give f(-7).
0
Let c(o) = -o**3 + 6*o**2 + o - 5. Let u be 1/(-2) + 13/2. Give c(u).
1
Let d(c) = -5*c**3 - 14*c**2 - 11*c + 41. Let l(o) = -o**3 - 3*o**2 - 2*o + 8. Let g(s) = -2*d(s) + 11*l(s). Determine g(-5).
6
Suppose s - 5*s - 8 = 0. Let w(o) = o**2 + 2*o. What is w(s)?
0
Let z(s) = s**3 - 3*s**2 + 3*s - 2. Let y = -2 + 5. Suppose 2*c = 5*x - 14, y = -2*c - x + 13. Give z(c).
7
Let z be (-3)/(3 + 0)*-5. Let i(o) = 0*o + 7 + 3*o - z*o. Determine i(5).
-3
Let d(o) = o**2 + 2*o - 1. Suppose 4 = -w + 3*a - 0, 2*w - 4*a + 8 = 0. What is d(w)?
7
Suppose 11 - 2 = 3*q. Let k(v) = 4*v**2 + 18*v - 2. Let p(m) = -m**2 - 3*m + 1. Let i(w) = k(w) + 5*p(w). Determine i(q).
3
Let m(i) = -7*i**2 + 5*i + 13. Let w(u) = 11*u**2 - 8*u - 20. Let d(n) = 8*m(n) + 5*w(n). Calculate d(3).
-5
Let o(a) = 4*a - 2. Let z(w) = -w**2 + 8*w + 2. Suppose -4*t + 75 = 3. Let j = t + -10. Let m be z(j). Give o(m).
6
Let q(c) = 2*c**2 + 1. Let b(x) = -x**2. Let u(a) = -b(a) + q(a). Give u(1).
4
Let c(w) = w**2 - 4 + w**3 + 8*w - 7*w + 5*w**2 + 4*w. Give c(-5).
-4
Suppose -5*n - 2 = 33. Let a = -8 - -3. Let q = a - n. Let l(t) = t**3 - 4*t**2 + t + 2. Give l(q).
-4
Let p(w) = 4*w + 321 - 3*w - 317. Calculate p(-8).
-4
Suppose -5*l + 0*l + 2 = 2*c, -4*c + 4 = -2*l. Let x(y) = -y**2 + 0*y**3 - 5*y + 5*y - 7 - y**3. Calculate x(l).
-7
Suppose 7*j - 4*j - 13 = t, 4*t + 16 = 3*j. Suppose -j*v + 5 = v. Let z(f) = 8*f**2 - 2*f + 1. Calculate z(v).
7
Let u(c) = 212*c**2 + 6*c**3 + c**3 - 213*c**2. Calculate u(-1).
-8
Let t(i) be the first derivative of i**4/4 + i**3/3 + i**2 - i - 4. Give t(-2).
-9
Let v(a) = -6*a**2 - 2*a - 1. Suppose -5 = -3*c - 4*b, -7*b = -2*c - 3*b - 10. C